+ (107 - 40) + -6?
23
Evaluate 13 + 1 - (503 - 531).
42
82 + -83 + 3 + -40
-38
What is 161 + (136 - 212) - 208?
-123
-2366 - -2340 - (1 + 2)
-29
What is the value of 189 + -48 - 138 - (17 - (0 - 3))?
-17
What is the value of -73 + (-29 - -105 - -70)?
73
What is the value of 55 - (32 + 14) - (-2 + -2 - -1) - 10?
2
Evaluate 74 - 4 - (125 - -18).
-73
Evaluate -91 - (-7 + (19 - 4 - (40 - 25)) - 0).
-84
What is the value of (-10 - -10) + (95 + -103 - (-55 + 2 + 1))?
44
Calculate -4 + 49 + -9 - 33 - (2 + 0 + -39).
40
Evaluate 1 + (0 + -12 - (677 + -690)).
2
What is 200 + (23 - 103) - -3?
123
Evaluate 3 - (-2 - -3) - (19 - (-10 - -10 - -24)).
7
What is 587 + -631 + (36 - 1) + (-2 - -8)?
-3
What is the value of 0 + (57 - -1 - (1751 + -1769))?
76
-96 + (-19 - -6) - ((-13 - -18) + (2 - 18))
-98
Evaluate 3 + -56 + 0 - (-5788 - -5762).
-27
What is the value of 21 + 14 + 0 + -24 + 6?
17
Calculate 1 + 2 - (-10 + -14 + 8 + -14 + -3).
36
Calculate -25 + 10 + (65 - 103) + 52 + (-74 - 1).
-76
Calculate -29 + 81 - (8 + 29).
15
What is the value of 39 + (13 - (23 - (10 + -22)))?
17
Evaluate -88 + -14 + (14 - 12) + 36 + 0.
-64
100 - (49 + (-76 - -56))
71
What is the value of (-4 + 5 + -5 - 3) + 14 + 0 + 49?
56
(15 - (95 - 37) - -42) + 5
4
Calculate -44 + 94 + 0 + -394 + 418.
74
What is the value of (-88 - 1) + (38 - 2) - (19 - 1)?
-71
(-80 + 36 - -22) + 14
-8
What is -267 + 269 - ((-5 - -19) + -14 + 5 + 3)?
-6
What is -104 + 21 + 23 + 14 - 7?
-53
Evaluate 5 + (6 - -5) - (-113 - -105).
24
Evaluate (-103 - -67) + -52 - (2 + 37).
-127
Calculate (-86 - -5) + 50 + -4 + 0.
-35
-85 + 1 + (8 - 22 - -11 - 14 - -12)
-89
What is (-1 - -23) + 164 + -174 + -100 + 4 - 3?
-87
Calculate 68 + (137 - 245) - -123.
83
Evaluate (3 - 20) + (107 - (122 + -76)).
44
(287 - (120 + 84)) + (1 - (2 + -23))
105
What is (-62 + 34 - (10 - 48)) + 57?
67
Calculate -55 + (9 - (-107 + 105 - (0 - (4 - 2)))).
-46
(87 - 108) + -137 + (-4 - (-5 - 13))
-144
What is the value of -3 - -97 - (-7473 + 7543)?
24
Evaluate -13 - (-2 + 16) - (-363 + 285).
51
Evaluate 6 + 15 + -52 - -13 - 10.
-28
(-107 - -15) + 75 - (-25 - 2)
10
What is the value of -3 - (38 - (30 + -51 + 32))?
-30
What is the value of 13 - (121 - 113 - (-1 + 1)) - 18?
-13
What is (3 - 5) + (3 - (-6 + -20) - -11)?
38
-97 + 40 + 1 + 31 + -28
-53
Evaluate -48 + (-1 - -5) - (479 + -494).
-29
(-1 - 1) + (-72 - -74 - 0)
0
Evaluate (-76 - -69) + (13 - -2) - -62 - (-7 + 10).
67
What is the value of 21 + (-6 - -4) - ((-101 - -6) + -7)?
121
What is the value of (-8 - (-2 + -3 - (15 + 16 + -49))) + 5?
-16
Calculate -1 + 1 + -35 - (1600 - 1616).
-19
Evaluate -9 + 5 + 11 + (-10 - -6 - -10) - 7.
6
What is the value of -68 - ((2 - 1) + (9 - (31 + -8)))?
-55
-3 - (-32 + 37 + -33) - -27
52
1 + -2 + 33 - (37 - 55 - (-5 - 21))
24
45 - (79 - 17) - 26
-43
(-1 + 3 - 40) + 19 + 30 + -37 + -24
-50
What is the value of 80 + 0 + (-24739 - -24794)?
135
Calculate -61 - -2 - ((-14 - 2) + -12 - -20).
-51
What is -235 - -90 - (-40 - -36)?
-141
61 + -29 + -2 + 9 + -14 + 14
39
What is 42 - (87 + 118 + -185)?
22
What is the value of (22 - 5) + (-46 - -46 - 79)?
-62
Evaluate 3 - 6 - 33 - -41.
5
26 - -2 - (102 + -120 + 145)
-99
What is the value of -4 + -1 - (9 - (120 + 0)) - (10 + 1)?
95
What is -11 - (-10 + 0 + 21 + -3)?
-19
2 + -6 + 4 + 26 + -1 + (217 - 213)
29
Evaluate 54 + (-9 - (4 + -1) - -18 - 16).
44
Evaluate 45 + -5 + (-13 - -2) + 23 + -3.
49
Calculate 224 + -237 - (-2 + -2 + 117 + -1).
-125
Calculate 1 - ((11 - (13 + -10 + 47)) + 1 + 1).
38
What is the value of 9 - 11 - ((-91 - -16) + 60)?
13
What is the value of 1 + 16 - (1164 + -1127 - (2 + 8))?
-10
Calculate 86 - ((4 - (0 + -26)) + 3).
53
Calculate 18 + (100 - (54 - 2)).
66
(-15 - (20 + -10) - (-170 + -10)) + -12
143
Evaluate (-5 + (-15 - -28) - (-2 + 0 + 4)) + 20.
26
What is the value of (1 - 15) + 62 + -69 + 59?
38
Calculate -3 + 33 + -24 + 29 + -28 - (1 + -95).
101
Calculate (1313 - 1240) + 0 + 18 + -2 + -13.
76
What is the value of (-90 - -26) + (-26 - -152)?
62
Evaluate -18 - ((-966 - -985) + (-1 - -20)).
-56
What is -2 + -1 + (27 - -3) - (8 - -2 - 5)?
22
What is (-6 - 43 - -8) + 78?
37
What is 30 - (0 - 1) - (-62058 - -62038)?
51
What is the value of 2 - (0 + 3) - (10 - (9 - (-11 + 13)))?
-4
Calculate 214 + (13 - 69) + -37.
121
Calculate (-1 + 2 + -10 - -31) + 53.
75
What is the value of -53 - (57 + -14) - -48?
-48
Calculate -126 + 129 + -85 - -123.
41
Calculate (4 + -15 + 18 - -5 - 37) + 9.
-16
Calculate -2 + -10 + -156 + 149.
-19
What is the value of 2 + (12 - 33 - (41 + -54)) - (-137 - 2)?
133
What is 32 + -6 + (-36 - -5) - 30?
-35
What is the value of (-4 - (64 - 26)) + (8 + -4 - -7)?
-31
What is -2 - (4 - 3) - -11 - -71?
79
What is the value of -209 + 153 + -16 + 9 + 0?
-63
Evaluate 1 - (19 + -1) - (-58589 + 58625).
-53
What is the value of 27 - (46 + -67 + 54)?
-6
What is 6 + -43 - (-14 + 17 - 26)?
-14
What is the value of (-36 - 10) + -6 - (5 + -22 + 4)?
-39
What is the value of 11 + (-5 - (-7 - (-11 - -9))) + -13?
-2
What is 8 + (10 - -83) + 10 - (-5 + -3 - -19)?
100
What is 72 - 2 - (79 + -102 - (-8 + -17))?
68
36 + 0 + 19 + (9 - (-4 - (-4 - -3)))
67
Evaluate -4 + -54 + (-3 + 8 + 13 - 1) + -19.
-60
What is the value of -1 + 4 + 4 - (-3858 - -3943)?
-78
Evaluate 115 - (146 - 83) - (6 + (3 - 6)).
49
54 + (72 - 112) + 44
58
What is -10 + 26 + (-49 - -30)?
-3
Evaluate 1 + 110 + (12 - -3 - 1 - (61 - 42)).
106
Evaluate 91 + 33 + -109 + 34.
49
Evaluate (-6 + 7 - (32 - 33) - 43) + 7.
-34
What is the value of 2 + -3 - (6 + -18 - (-39 - -43))?
15
What is the value of 0 + 16 - (-14 + 80 - 57)?
7
Calculate 12 - (23 - (19 - 19)).
-11
11 - (-9 + (-27 - -63))
-16
What is (15 - (4 - 1) - (28 - 22)) + 65 + -9?
62
Calculate (-53 - -83) + 0 + -147 + -7.
-124
What is (2 + -2 - 7 - (16 - (67 - 64))) + -11?
-31
Evaluate -2 + 3 + (-32 + 18 - 3 - -38).
22
Calculate -2 + (-2 - -94) + -1 + (11026 - 11021).
94
Evaluate -106 + 114 - (101 + -142).
49
What is the value of -6 + -6 + 10 - (-6 - -25)?
-21
Calculate 4 + 2 + (-144 - -3) + 13 + -21 + 19.
-124
51 - (-1807 + 1800 + (1 - (0 + -18)))
39
Calculate (2 + 27 - (-709 - -724)) + -20.
-6
Evaluate (3 - (121 - -3 - 26)) + 20.
-75
What is the value of 1 + -50 + 1432 + -1393 + (-21 - -1)?
-30
Calculate 44 - (20 + 43 - -26).
-45
What is the value of 82 + (-157 + 189 - (0 - -53))?
61
What is 305 + -148 + -139 - (-2 + 11)?
9
What is 50 - (70 - (-112 - -100))?
-32
Evaluate (-4 - 1) + (-312 - -336) + -50.
-31
What is (-133 - (34 + -30 + -43)) + (19 - 0)?
-75
(-73 - -42) + (6 - (0 - 12)) + 3
-10
What is the value of -1 + 14 - ((-5 - (-23 + 15)) + 15 + -17)?
12
Calculate -48 + 77 + -48 + 70.
51
Evaluate (-122 - (-89 + -15)) + 110.
92
357 - 324 - (-20 - -11)
42
What is 8 + 20 + 158 + -129?
57
Evaluate -10 + 17 + (-70 - -44) + -36.
-55
53 + -39 + 15 + -59
-30
Evaluate -6 + (29 - 6 - 16) + (1 - -4) + -40.
-34
(129 - 151) + 10 + -11 + -85
-108
What is 23 + (-33 - -19) + -34 + 4 + -9?
-30
((177 - -61) + -157 - (0 - -2 - -1)) + -3
75
0 - (2 + 7) - ((-1402 - -1455) + -34 + -1)
-27
What is the value of -2 - 33 - (-3 + 19 - 8 - (0 - -3))?
-40
What is the value of 120 + 11 + -12 + 2 + 11 + (0 - 20)?
112
0 + 36 - (129 + -51 - 86)
44
What is 294 + -294 - (24 + -115)?
91
Evaluate (-1 - -17 - 3) + (32 - (28 - -18)).
-1
What is (-41 - 15 - -55) + 2 + (1 - -11)?
13
(-16 - -18 - (4 + 19)) + 26 + -12
-7
What is the value of -6650 + 6621 + 51 + 2?
24
Calculate 93 + (-1 + 0 - (85 - 101)) + (1 - 16).
93
What is the value of -1 - (-23 + 7 + -20 + 58 + -22 + 109)?
-110
-16 + -7 + 4 + (-60 + 77 - 2)
-4
Evaluate (-9 - (59 - 10)) + -6 + -11 + (9 - 1).
-67
Calculate (36 - (84 + -121)) + 13.
86
-6 - ((-2 - (5 + -11 + -7)) + -9 - -19)
-27
(-12 - (-4 + -11)) + (-55 - (-2 + -5))
-45
Evaluate 0 + (-22 - (0 + -3 + -8) - (-6 - -3)).
-8
What is -13 - (-10 + (9 - 7))?
-5
-18 + (-35 - -98) - (-1 + -5)
51
What is the value of 14 + 23 + -72 + -36 + -28?
-99
Evaluate -74 + (-6 - (51 - 101)).
-30
Evaluate -3 + (-2 - 1 - (109 + 5)) - (-3694 - -3697).
-123
7 + -8 + 10 + (161 - 143)
27
(-11 - 0 - (191 - 216)) + (-59 - (-1 - -7))
-51
What is the value of -27 + (70 - (15 + -6))?
34
-36 + -89 + 80 - (-13 - (-1 + -1))
-34
Evaluate (-1 - 0) + 9 + -21 + 7 + -21 + 6.
-21
-171 + (120 - (-148 - -155))
-58
Calculate 31 + (2 - (-1 - -2) - -9)